-- phpMyAdmin SQL Dump
-- version 2.11.11.3
-- http://www.phpmyadmin.net
--
-- Host: localhost
-- Generato il: 31 Ott, 2013 at 08:18 AM
-- Versione MySQL: 5.1.58
-- Versione PHP: 5.2.17

SET SQL_MODE="NO_AUTO_VALUE_ON_ZERO";

--
-- Database: `my_simonaga`
--

-- --------------------------------------------------------

--
-- Struttura della tabella `ditte`
--

CREATE TABLE IF NOT EXISTS `ditte` (
  `IDDitta` int(11) NOT NULL AUTO_INCREMENT,
  `NomeDitta` varchar(255) NOT NULL,
  PRIMARY KEY (`IDDitta`)
) ENGINE=InnoDB  DEFAULT CHARSET=latin1 AUTO_INCREMENT=2324 ;

--
-- Dump dei dati per la tabella `ditte`
--

INSERT INTO `ditte` (`IDDitta`, `NomeDitta`) VALUES
(6, 'A.M.S.A S.R.L.'),
(42, 'AVENTIS PARMA S.P.A.'),
(69, 'BRACCO S.P.A.'),
(70, 'BRISTOL MYERS SQUIBB S.R.L.'),
(140, 'FOURNIER PHARMA S.P.A.'),
(168, 'HOSPIRA S.P.A.'),
(180, 'INDUSTRIA FARMACEUTICA SERONO S.P.A'),
(228, 'LABORATOEIO FARMACEUTICO SIT SPECIALITA'' IGIENICO'),
(310, 'PHARMACIA ITALIA S.P.A.'),
(334, 'RECORDATI INDUSTRIA CHIMICA FARMACEUTICA S.P.A.'),
(355, 'SCHWARZ PHARMA S.P.A.'),
(377, 'TEOFARMA S.R.L.'),
(401, 'WYETH MEDICA IRELAND');

-- --------------------------------------------------------

--
-- Struttura della tabella `farmaci`
--

CREATE TABLE IF NOT EXISTS `farmaci` (
  `Codice` varchar(20) NOT NULL,
  `Denominazione` varchar(40) NOT NULL,
  `Descrizione` varchar(255) NOT NULL,
  `Prezzo` decimal(12,2) NOT NULL,
  `ATC` varchar(10) NOT NULL,
  `IDDitta` int(11) NOT NULL,
  `DataAutMin` date NOT NULL,
  PRIMARY KEY (`Codice`),
  KEY `ATC` (`ATC`),
  KEY `IDDitta` (`IDDitta`)
) ENGINE=InnoDB DEFAULT CHARSET=latin1;

--
-- Dump dei dati per la tabella `farmaci`
--

INSERT INTO `farmaci` (`Codice`, `Denominazione`, `Descrizione`, `Prezzo`, `ATC`, `IDDitta`, `DataAutMin`) VALUES
('001537012', 'FARMOTAL', '500 MG POLVERE PER SOLUZIONE PER INFUSIONE 1 FLACONE 500 MG', 6.15, 'N01AF03', 310, '1996-08-03'),
('001801012', 'GLUCANTIM', '1,5 G/5 ML SOLUZIONE INIETTABILE PER USO INTRAMUSCOLARE', 3.82, 'P01CB01', 42, '1997-05-12'),
('002021069', 'TEFAMIN', 'ELISIR 1 FLAC. 200 ML 1,58%', 3.06, 'R03DA04', 334, '2002-03-15'),
('002129017', 'DINTOINA', '30 COMPRESSE RIVESTITE 100 MG', 1.86, 'N03AB02', 334, '2001-11-05'),
('002309033', 'FOLINA', '15 MG/2 ML SOLUZIONE INIETTABILE PER USO I.M. 5 FIALE', 2.16, 'B03BB01', 355, '1998-04-14'),
('002309045', 'FOLINA', '5 MG CAPSULE RIGIDE 20 CAPSULE', 1.63, 'B03BB01', 355, '2001-11-01'),
('002347019', 'PENTOTHAL SODIUM', '1 FLACONE 0,5 G', 6.01, 'N01AF03', 168, '1999-08-11'),
('002347021', 'PENTOTHAL SODIUM', '1 FLACONE 1 G', 11.48, 'N01AF03', 168, '1999-02-21'),
('002792188', 'PREMARIN', '0,625 MG COMPRESSE 28 COMPRESSE', 4.49, 'G03CA57', 401, '1997-01-17'),
('002860017', 'LUMINALE', '200 MG SOLUZIONE INIETTABILE PER USO INTRAMUSCOLARE', 5.33, 'N03AA02', 69, '1995-04-01'),
('002860031', 'LUMINALE', '20 COMPRESSE 100 MG', 1.60, 'N03AA02', 69, '1995-09-25'),
('002860043', 'LUMINALE', 'LUMINALETTE 30 COMPRESSE 15 MG', 1.55, 'N03AA02', 69, '1999-03-10'),
('002866236', 'CHEMICETINA', 'POLVERE CHIRURGICA 1 G', 2.12, 'D06AX02', 140, '2001-09-04'),
('002992016', 'STREPTOMICINA SOLFATO SQUIBB', '1 FLACONE 1.000.000 UI', 2.48, 'J01GA01', 70, '2002-09-03'),
('003247032', 'PROFASI HP', '2000 U.I. POLVERE E SOLVENTE PER SOLUZIONE INIETTABILE PER USO SOTTOCUTANEO', 5.72, 'G03GA01', 180, '2002-01-26'),
('003488018', 'ARTANE', '2 MG COMPRESSE 50 COMPRESSE ', 2.53, 'N04AA01', 377, '2004-06-23'),
('003559059', 'TESTOVIS', 'IM 2 FIALE 2 ML 100 MG', 2.17, 'G03BA03', 228, '2002-07-22'),
('003763125', 'GONASI HP', '5000 U.I./2 ML POLVERE E SOLVENTE PER SOLUZIONE INIETTABILE PER USO INTRAMUSCOLARE O SOTTOCUTANEO 1 FLACONCINO POLVERE + 1 FIALA SOLVENTE DA 2 ML', 5.72, 'G03GA01', 6, '2000-04-04');

-- --------------------------------------------------------

--
-- Struttura della tabella `principi`
--

CREATE TABLE IF NOT EXISTS `principi` (
  `ATC` varchar(10) NOT NULL,
  `PrincipioAttivo` varchar(255) NOT NULL,
  PRIMARY KEY (`ATC`)
) ENGINE=InnoDB DEFAULT CHARSET=latin1;

--
-- Dump dei dati per la tabella `principi`
--

INSERT INTO `principi` (`ATC`, `PrincipioAttivo`) VALUES
('B03BB01', 'acido folico'),
('D06AX02', 'cloramfenicolo'),
('G03BA03', 'testosterone'),
('G03CA57', 'estrongeni coniugati naturali'),
('G03GA01', 'gonadotropina corionica'),
('J01GA01', 'steptomicina'),
('N01AF03', 'tiopental'),
('N03AA02', 'fenobarbital'),
('N03AB02', 'fenitoina'),
('N04AA01', 'triesifenidile'),
('P01CB01', 'megluina'),
('R03DA04', 'teofillina');

--
-- Limiti per le tabelle scaricate
--

--
-- Limiti per la tabella `farmaci`
--
ALTER TABLE `farmaci`
  ADD CONSTRAINT `farmaci_ibfk_6` FOREIGN KEY (`IDDitta`) REFERENCES `ditte` (`IDDitta`) ON UPDATE CASCADE,
  ADD CONSTRAINT `farmaci_ibfk_5` FOREIGN KEY (`ATC`) REFERENCES `principi` (`ATC`) ON UPDATE CASCADE;